culate the remainder when 39053 is divided by 3630.
2753
Calculate the remainder when 20662 is divided by 19923.
739
Calculate the remainder when 8847263 is divided by 833.
803
What is the remainder when 104507117 is divided by 1174?
1159
Calculate the remainder when 66954950 is divided by 21.
20
What is the remainder when 2280294 is divided by 130?
94
Calculate the remainder when 91780011 is divided by 1919.
1917
What is the remainder when 1576977 is divided by 362?
105
Calculate the remainder when 729062 is divided by 277.
275
What is the remainder when 847763 is divided by 284?
23
What is the remainder when 10970199 is divided by 1416?
447
Calculate the remainder when 2158023 is divided by 179.
178
Calculate the remainder when 57764398 is divided by 1200.
1198
Calculate the remainder when 45287451 is divided by 36.
27
Calculate the remainder when 1855581 is divided by 4909.
4888
Calculate the remainder when 1712185 is divided by 1613.
792
Calculate the remainder when 34130961 is divided by 130.
111
Calculate the remainder when 10383 is divided by 406.
233
What is the remainder when 18820 is divided by 183?
154
Calculate the remainder when 58647 is divided by 9758.
99
What is the remainder when 322060 is divided by 15335?
25
Calculate the remainder when 32828757 is divided by 877.
16
What is the remainder when 1500129 is divided by 26318?
3
What is the remainder when 53116294 is divided by 3702?
3700
What is the remainder when 3627857 is divided by 76?
73
What is the remainder when 4427397 is divided by 1128?
1125
What is the remainder when 333514 is divided by 199?
189
Calculate the remainder when 4295109 is divided by 1431065.
1914
Calculate the remainder when 9591 is divided by 6231.
3360
What is the remainder when 2320495 is divided by 19660?
615
What is the remainder when 14883214 is divided by 19081?
34
Calculate the remainder when 9070985 is divided by 10.
5
What is the remainder when 120179782 is divided by 24?
22
What is the remainder when 68227 is divided by 8495?
267
Calculate the remainder when 281097 is divided by 93647.
156
What is the remainder when 6390 is divided by 1682?
1344
What is the remainder when 4597961 is divided by 5?
1
What is the remainder when 7663464 is divided by 511?
508
What is the remainder when 2792619 is divided by 17?
12
What is the remainder when 761285 is divided by 252766?
2987
Calculate the remainder when 67740 is divided by 1411.
12
What is the remainder when 40847909 is divided by 15?
14
Calculate the remainder when 76170 is divided by 25293.
291
Calculate the remainder when 1455369 is divided by 2446.
2445
Calculate the remainder when 2303827 is divided by 491.
55
Calculate the remainder when 2593290 is divided by 5.
0
Calculate the remainder when 4604045 is divided by 550.
545
Calculate the remainder when 3182350 is divided by 7025.
25
What is the remainder when 73720 is divided by 316?
92
Calculate the remainder when 375135 is divided by 31144.
1407
What is the remainder when 283084 is divided by 2267?
1976
Calculate the remainder when 52658 is divided by 3767.
3687
What is the remainder when 862090 is divided by 431025?
40
What is the remainder when 5470578 is divided by 22?
14
What is the remainder when 4300915 is divided by 19?
18
Calculate the remainder when 27459947 is divided by 18.
11
What is the remainder when 1246918 is divided by 103901?
106
Calculate the remainder when 1952208 is divided by 423.
63
Calculate the remainder when 14319681 is divided by 36.
33
What is the remainder when 129586268 is divided by 418?
416
Calculate the remainder when 20093 is divided by 15636.
4457
Calculate the remainder when 3699159 is divided by 162.
51
Calculate the remainder when 7041871 is divided by 3418.
791
Calculate the remainder when 304411 is divided by 19023.
43
What is the remainder when 49577 is divided by 24112?
1353
What is the remainder when 323641608 is divided by 17373?
17364
What is the remainder when 454206 is divided by 1208?
1206
Calculate the remainder when 635073 is divided by 211329.
1086
Calculate the remainder when 654859782 is divided by 15.
12
Calculate the remainder when 3775808 is divided by 2093.
36
Calculate the remainder when 357666 is divided by 1165.
11
What is the remainder when 27238218 is divided by 27238180?
38
Calculate the remainder when 71252 is divided by 8817.
716
Calculate the remainder when 698372 is divided by 167.
145
What is the remainder when 7487459 is divided by 354?
5
Calculate the remainder when 775280 is divided by 48.
32
Calculate the remainder when 12565 is divided by 12292.
273
What is the remainder when 375778 is divided by 41742?
100
What is the remainder when 377783 is divided by 18889?
3
What is the remainder when 257932 is divided by 1517?
42
Calculate the remainder when 25759 is divided by 24906.
853
Calculate the remainder when 26174309 is divided by 2297.
2291
Calculate the remainder when 110837538 is divided by 14974.
14964
Calculate the remainder when 17223043 is divided by 9225.
9193
What is the remainder when 172050151 is divided by 939?
937
What is the remainder when 158688 is divided by 14?
12
Calculate the remainder when 269395 is divided by 66938.
1643
Calculate the remainder when 7218 is divided by 2811.
1596
What is the remainder when 10975 is divided by 767?
237
Calculate the remainder when 174700 is divided by 58217.
49
Calculate the remainder when 3465652 is divided by 1732823.
6
Calculate the remainder when 24003399 is divided by 57.
15
Calculate the remainder when 103930287 is divided by 968.
967
Calculate the remainder when 17812149 is divided by 10447.
14
Calculate the remainder when 16503978 is divided by 100.
78
What is the remainder when 476527 is divided by 43313?
84
What is the remainder when 443700 is divided by 443645?
55
Calculate the remainder when 3162510 is divided by 85.
0
What is the remainder when 1743661 is divided by 2371?
976
What is the remainder when 40738225 is divided by 45?
40
What is the remainder when 509996827 is divided by 4726?
4715
Calculate the remainder when 289665859 is divided by 3410.
3409
What is the remainder when 140959554 is divided by 592267?
8
Calculate the remainder when 191777 is divided by 78.
53
Calculate the remainder when 2090751 is divided by 161.
5
What is the remainder when 743904 is divided by 1008?
0
What is the remainder when 953162 is divided by 63541?
47
What is the remainder when 6185803 is divided by 2061798?
409
What is the remainder when 307206 is divided by 9658?
7808
Calculate the remainder when 1699490 is divided by 667.
641
What is the remainder when 506481 is divided by 678?
15
Calculate the remainder when 699969 is divided by 1346.
49
Calculate the remainder when 1405907995 is divided by 53.
50
Calculate the remainder when 4664663 is divided by 204.
203
Calculate the remainder when 2371114 is divided by 44.
42
Calculate the remainder when 4724045 is divided by 58.
3
What is the remainder when 241664 is divided by 1365?
59
Calculate the remainder when 6754 is divided by 5841.
913
What is the remainder when 1854208 is divided by 617877?
577
What is the remainder when 317571 is divided by 2256?
1731
What is the remainder when 9418781 is divided by 5?
1
What is the remainder when 167374830 is divided by 81?
75
Calculate the remainder when 997895 is divided by 67.
64
Calculate the remainder when 54213 is divided by 702.
159
Calculate the remainder when 89338 is divided by 424.
298
Calculate the remainder when 250016 is divided by 31145.
856
What is the remainder when 15804272 is divided by 127?
11
What is the remainder when 18481377 is divided by 20?
17
Calculate the remainder when 432691733 is divided by 107.
104
What is the remainder when 157936 is divided by 14223?
1483
What is the remainder when 301241 is divided by 537?
521
What is the remainder when 71528 is divided by 9136?
7576
What is the remainder when 7472468 is divided by 46?
44
Calculate the remainder when 1653575023 is divided by 7925.
7923
Calculate the remainder when 3390522 is divided by 735.
702
What is the remainder when 29284358 is divided by 206?
16
Calculate the remainder when 568884 is divided by 568582.
302
What is the remainder when 193026 is divided by 6032?
2
What is the remainder when